{"id":324,"date":"2023-09-04T21:35:27","date_gmt":"2023-09-04T19:35:27","guid":{"rendered":"https:\/\/premierespe.flashphys.fr\/?page_id=324"},"modified":"2025-04-01T06:56:11","modified_gmt":"2025-04-01T04:56:11","slug":"page-631d8e4d9d5ec-html","status":"publish","type":"page","link":"https:\/\/premierespe.flashphys.fr\/?page_id=324","title":{"rendered":"Chap 21 : Aspect \u00e9nerg\u00e9tique des ph\u00e9nom\u00e8nes \u00e9lectriques"},"content":{"rendered":"\n<h1 class=\"wp-block-heading\">&nbsp;<\/h1>\n\n\n\n<p><iframe src=\"\/\/www.youtube.com\/embed\/zn4l3aLfeVQ?wmode=transparent\"><\/iframe><iframe src=\"\/\/www.youtube.com\/embed\/1CkgaU4U2Hk?wmode=transparent\"><\/iframe><iframe src=\"\/\/www.youtube.com\/embed\/7FY4BEK-IHg?wmode=transparent\"><\/iframe><\/p>\n\n\n\n<h2 class=\"wp-block-heading\">Cours (niveau coll\u00e8ge et seconde) : rappel d&#8217;\u00e9lectricit\u00e9<\/h2>\n\n\n\n<p><a href=\"http:\/\/premierespe.flashphys.fr\/wp-content\/uploads\/2023\/09\/0f451da84d993b8258090b3f2001e182.pdf\">Rappel d&#8217;\u00e9lectricit\u00e9.pdf<\/a><\/p>\n\n\n\n<h2 class=\"wp-block-heading\">Cours (niveau 1\u00e8re sp\u00e9) :<\/h2>\n\n\n\n<p><a href=\"http:\/\/premierespe.flashphys.fr\/wp-content\/uploads\/2023\/09\/6dd6b26bb953f134f8955dee90735681.docx\">12 Aspects \u00e9nerg\u00e9tiques \u00e9lectriques.docx<\/a><\/p>\n\n\n\n<p><a href=\"http:\/\/premierespe.flashphys.fr\/wp-content\/uploads\/2023\/09\/f8b2fcf7534b2734fb7575d4ac5525ce.pdf\">correction \u00e9nerg\u00e9tiques \u00e9lectriques.pdf<\/a><\/p>\n\n\n\n<h2 class=\"wp-block-heading\">Exercices (niveau seconde)<\/h2>\n\n\n\n<p><a href=\"http:\/\/premierespe.flashphys.fr\/wp-content\/uploads\/2023\/09\/7cde30962c7c5d32840bd8c555b30f65.pdf\">exo elec seconde.pdf<\/a><\/p>\n\n\n\n<p><a href=\"http:\/\/premierespe.flashphys.fr\/wp-content\/uploads\/2023\/09\/17d39f6b76450721fa56bfc805655d09.pdf\">correction exo seconde elec.pdf<\/a><\/p>\n\n\n\n<h2 class=\"wp-block-heading\">Exercices (niveau premi\u00e8re)<\/h2>\n\n\n\n<p><a href=\"http:\/\/premierespe.flashphys.fr\/wp-content\/uploads\/2023\/09\/fa7a51345142ae3eb62cf4e10148d6cb.pdf\">Exercices electricit\u00e9.pdf<\/a><\/p>\n\n\n\n<p><a href=\"http:\/\/premierespe.flashphys.fr\/wp-content\/uploads\/2023\/09\/339d1fe1393f3b14dd83d730a61e14e1.pdf\">Correction exo electricit\u00e9.pdf<\/a><\/p>\n\n\n\n<h2 class=\"wp-block-heading\">TP : Mod\u00e9lisation d&#8217;une source de tension r\u00e9elle, rendement<\/h2>\n\n\n\n<p><a href=\"http:\/\/premierespe.flashphys.fr\/wp-content\/uploads\/2023\/09\/1e94cc698555bbb94c1f72a53744bd80.docx\">TP modeliser une source de tension1.docx<\/a><\/p>\n\n\n\n<p><a href=\"http:\/\/premierespe.flashphys.fr\/wp-content\/uploads\/2023\/09\/9e328a803f5bbfd98b0573a346560e2a.pdf\">correction TP source de tension1.pdf<\/a><\/p>\n\n\n\n<h2 class=\"wp-block-heading\">TP : Rendement d&#8217;un panneau solaire photovolta\u00efque<\/h2>\n\n\n\n<p><a href=\"http:\/\/premierespe.flashphys.fr\/wp-content\/uploads\/2023\/09\/4b1745ade74dac9e1259c0cd5582b6aa.pdf\">Tp rendement panneau solaire1.pdf<\/a><\/p>\n\n\n\n<p><a href=\"http:\/\/premierespe.flashphys.fr\/wp-content\/uploads\/2023\/09\/83022d50ca400128e82eb06805e11af7.pdf\">correction Tp rendement panneau solaire.pdf<\/a><\/p>\n\n\n\n<p><a href=\"http:\/\/premierespe.flashphys.fr\/wp-content\/uploads\/2023\/09\/aide-courbe-panneau-solaire-eleves.zip\">aide courbe panneau solaire \u00e9l\u00e8ves.rar<\/a><\/p>\n\n\n\n<h2 class=\"wp-block-heading\">TP : l&#8217;effet Joule<\/h2>\n\n\n\n<p>ne peut \u00eatre fait \u00e0 la maison (juste \u00e0 lire tr\u00e8s rapidement cela d\u00e9montre la relation P=RxI\u00b2)<\/p>\n\n\n\n<p><a href=\"http:\/\/premierespe.flashphys.fr\/wp-content\/uploads\/2023\/09\/9962eee0a53ae9946a0e02ea425d6f4d.pdf\">TPeffet joule.pdf<\/a><\/p>\n\n\n\n<h2 class=\"wp-block-heading\">R\u00e9solution de probl\u00e8me<\/h2>\n\n\n\n<p><a href=\"http:\/\/premierespe.flashphys.fr\/wp-content\/uploads\/2023\/09\/842194c91645d3de73a118a50cfb1dbb.pdf\">rdp autonomie solar orbiter.pdf<\/a><\/p>\n\n\n\n<p><a href=\"http:\/\/premierespe.flashphys.fr\/wp-content\/uploads\/2023\/09\/0421f64ed1d64a8294ae68e40e2f4abb.pdf\">corretion rdp solar.pdf<\/a><\/p>\n","protected":false},"excerpt":{"rendered":"<p>&nbsp; Cours (niveau coll\u00e8ge et seconde) : rappel d&#8217;\u00e9lectricit\u00e9 Rappel d&#8217;\u00e9lectricit\u00e9.pdf Cours (niveau 1\u00e8re sp\u00e9) : 12 Aspects \u00e9nerg\u00e9tiques \u00e9lectriques.docx correction \u00e9nerg\u00e9tiques \u00e9lectriques.pdf Exercices (niveau seconde) exo elec seconde.pdf correction exo seconde elec.pdf Exercices (niveau premi\u00e8re) Exercices electricit\u00e9.pdf Correction exo electricit\u00e9.pdf TP : Mod\u00e9lisation d&#8217;une source de tension r\u00e9elle, rendement TP modeliser une source de&hellip;<\/p>\n","protected":false},"author":1,"featured_media":0,"parent":0,"menu_order":0,"comment_status":"closed","ping_status":"closed","template":"","meta":{"footnotes":""},"_links":{"self":[{"href":"https:\/\/premierespe.flashphys.fr\/index.php?rest_route=\/wp\/v2\/pages\/324"}],"collection":[{"href":"https:\/\/premierespe.flashphys.fr\/index.php?rest_route=\/wp\/v2\/pages"}],"about":[{"href":"https:\/\/premierespe.flashphys.fr\/index.php?rest_route=\/wp\/v2\/types\/page"}],"author":[{"embeddable":true,"href":"https:\/\/premierespe.flashphys.fr\/index.php?rest_route=\/wp\/v2\/users\/1"}],"replies":[{"embeddable":true,"href":"https:\/\/premierespe.flashphys.fr\/index.php?rest_route=%2Fwp%2Fv2%2Fcomments&post=324"}],"version-history":[{"count":3,"href":"https:\/\/premierespe.flashphys.fr\/index.php?rest_route=\/wp\/v2\/pages\/324\/revisions"}],"predecessor-version":[{"id":504,"href":"https:\/\/premierespe.flashphys.fr\/index.php?rest_route=\/wp\/v2\/pages\/324\/revisions\/504"}],"wp:attachment":[{"href":"https:\/\/premierespe.flashphys.fr\/index.php?rest_route=%2Fwp%2Fv2%2Fmedia&parent=324"}],"curies":[{"name":"wp","href":"https:\/\/api.w.org\/{rel}","templated":true}]}}