{"id":206,"date":"2023-09-04T10:55:35","date_gmt":"2023-09-04T08:55:35","guid":{"rendered":"https:\/\/premierespe.flashphys.fr\/?page_id=206"},"modified":"2025-03-07T06:56:33","modified_gmt":"2025-03-07T05:56:33","slug":"page-631d8cc6df294-html","status":"publish","type":"page","link":"https:\/\/premierespe.flashphys.fr\/?page_id=206","title":{"rendered":"Chap 15  : structures et propri\u00e9t\u00e9s de la mati\u00e8re"},"content":{"rendered":"\n<h1 class=\"wp-block-heading\"><iframe src=\"\/\/www.youtube.com\/embed\/oC5QFXY92O0?wmode=transparent\"><\/iframe><iframe src=\"\/\/www.youtube.com\/embed\/0_OUG6YFAHg?wmode=transparent\"><\/iframe><iframe src=\"\/\/www.youtube.com\/embed\/BX1_SQIi5_k?wmode=transparent\"><\/iframe><iframe src=\"\/\/www.youtube.com\/embed\/oIr798CzTKM?wmode=transparent\"><\/iframe><\/h1>\n\n\n\n<h2 class=\"wp-block-heading\">Cours<\/h2>\n\n\n\n<p><a href=\"http:\/\/premierespe.flashphys.fr\/wp-content\/uploads\/2023\/09\/ca9d8ac8e1c7c2087fb80cb7c4192134.pdf\">cours structure et propri\u00e9t\u00e9s .pdf<\/a><\/p>\n\n\n\n<p><a href=\"http:\/\/premierespe.flashphys.fr\/wp-content\/uploads\/2023\/09\/8f6684f3e57609f6dc203b6121bf0d5c.doc\">cours structure et propri\u00e9t\u00e9s new corr.doc<\/a><\/p>\n\n\n\n<h2 class=\"wp-block-heading\">Exercices<\/h2>\n\n\n\n<p><a href=\"http:\/\/premierespe.flashphys.fr\/wp-content\/uploads\/2023\/09\/424c644d26bf7b2c9b46f82f1e41cb0a.docx\">exo equa dissolution.docx<\/a><\/p>\n\n\n\n<p><a href=\"http:\/\/premierespe.flashphys.fr\/wp-content\/uploads\/2023\/09\/1d67e104c42038856384532fc5fb33b5.pdf\">Exercices mati\u00e8re.pdf<\/a><\/p>\n\n\n\n<p><a href=\"http:\/\/premierespe.flashphys.fr\/wp-content\/uploads\/2023\/09\/f49c84466c1fd685bc8463871e0d7d2a.docx\">correction exo matiere.docx<\/a><\/p>\n\n\n\n<h2 class=\"wp-block-heading\">TP : extraction liquide-liquide<\/h2>\n\n\n\n<p><a href=\"http:\/\/premierespe.flashphys.fr\/wp-content\/uploads\/2023\/09\/11a22f464b4244b87ef06cb0d35faaf8.doc\">tp extraction solvant eleves.doc<\/a><\/p>\n\n\n\n<h2 class=\"wp-block-heading\">TP : propri\u00e9t\u00e9s des savons<\/h2>\n\n\n\n<p><a href=\"http:\/\/premierespe.flashphys.fr\/wp-content\/uploads\/2023\/09\/61755fcf52fc0e767ea6deb499ea6244.pdf\">tp propri\u00e9t\u00e9s des savons.pdf<\/a><\/p>\n","protected":false},"excerpt":{"rendered":"<p>Cours cours structure et propri\u00e9t\u00e9s .pdf cours structure et propri\u00e9t\u00e9s new corr.doc Exercices exo equa dissolution.docx Exercices mati\u00e8re.pdf correction exo matiere.docx TP : extraction liquide-liquide tp extraction solvant eleves.doc TP : propri\u00e9t\u00e9s des savons tp propri\u00e9t\u00e9s des savons.pdf<\/p>\n","protected":false},"author":1,"featured_media":0,"parent":0,"menu_order":0,"comment_status":"closed","ping_status":"closed","template":"","meta":{"footnotes":""},"_links":{"self":[{"href":"https:\/\/premierespe.flashphys.fr\/index.php?rest_route=\/wp\/v2\/pages\/206"}],"collection":[{"href":"https:\/\/premierespe.flashphys.fr\/index.php?rest_route=\/wp\/v2\/pages"}],"about":[{"href":"https:\/\/premierespe.flashphys.fr\/index.php?rest_route=\/wp\/v2\/types\/page"}],"author":[{"embeddable":true,"href":"https:\/\/premierespe.flashphys.fr\/index.php?rest_route=\/wp\/v2\/users\/1"}],"replies":[{"embeddable":true,"href":"https:\/\/premierespe.flashphys.fr\/index.php?rest_route=%2Fwp%2Fv2%2Fcomments&post=206"}],"version-history":[{"count":3,"href":"https:\/\/premierespe.flashphys.fr\/index.php?rest_route=\/wp\/v2\/pages\/206\/revisions"}],"predecessor-version":[{"id":493,"href":"https:\/\/premierespe.flashphys.fr\/index.php?rest_route=\/wp\/v2\/pages\/206\/revisions\/493"}],"wp:attachment":[{"href":"https:\/\/premierespe.flashphys.fr\/index.php?rest_route=%2Fwp%2Fv2%2Fmedia&parent=206"}],"curies":[{"name":"wp","href":"https:\/\/api.w.org\/{rel}","templated":true}]}}