{"id":205,"date":"2023-09-04T10:55:35","date_gmt":"2023-09-04T08:55:35","guid":{"rendered":"https:\/\/premierespe.flashphys.fr\/?page_id=205"},"modified":"2025-02-03T07:55:56","modified_gmt":"2025-02-03T06:55:56","slug":"page-631d8ccd62165-html","status":"publish","type":"page","link":"https:\/\/premierespe.flashphys.fr\/?page_id=205","title":{"rendered":"Chap 13 : \u00e9nergie m\u00e9canique"},"content":{"rendered":"\n<h1 class=\"wp-block-heading\"><iframe src=\"\/\/www.youtube.com\/embed\/2_Pw8YyDRho?wmode=transparent\"><\/iframe><iframe src=\"\/\/www.youtube.com\/embed\/Dc0vhSp_WUE?wmode=transparent\"><\/iframe><\/h1>\n\n\n\n<h2 class=\"wp-block-heading\"><strong>Cours&nbsp;<\/strong><\/h2>\n\n\n\n<p><a href=\"http:\/\/premierespe.flashphys.fr\/wp-content\/uploads\/2023\/09\/e74e9850a18406f4f83c49e77ea0ace0.pdf\">cours \u00e9nergie m\u00e9ca.pdf<\/a><\/p>\n\n\n\n<h2 class=\"wp-block-heading\"><strong>Exercices<\/strong><\/h2>\n\n\n\n<p><a href=\"http:\/\/premierespe.flashphys.fr\/wp-content\/uploads\/2023\/09\/fc502f13bec262f6e3c05c0bf01b1df9.pdf\">exo nrj meca.pdf<\/a><\/p>\n\n\n\n<p><a href=\"http:\/\/premierespe.flashphys.fr\/wp-content\/uploads\/2023\/09\/f1f4d2a3b2b21e003d55f749b1092b78.docx\">correction exo nrj meca2023.docx<\/a><\/p>\n\n\n\n<h2 class=\"wp-block-heading\">TP Python : conservation ou non de l&#8217;\u00e9nergie m\u00e9canique<\/h2>\n\n\n\n<p><a href=\"http:\/\/premierespe.flashphys.fr\/wp-content\/uploads\/2023\/09\/0abab75a8e867640e9b0a7d4a44c3e8c.docx\">TP nrj meca balle 2021.docx<\/a><\/p>\n\n\n\n<p><a href=\"http:\/\/premierespe.flashphys.fr\/wp-content\/uploads\/2023\/09\/Golf_verticale.avi\">Golf_verticale.rar<\/a><\/p>\n\n\n\n<p><a href=\"http:\/\/premierespe.flashphys.fr\/wp-content\/uploads\/2023\/09\/Polystyrene_verticale.avi\">Polystyrene_verticale.rar<\/a><\/p>\n\n\n\n<p><iframe src=\"\/\/www.youtube.com\/embed\/pJ2RwuIrHqs?wmode=transparent\"><\/iframe><\/p>\n\n\n\n<h2 class=\"wp-block-heading\">R\u00e9solution de probl\u00e8me<\/h2>\n\n\n\n<p><a href=\"http:\/\/premierespe.flashphys.fr\/wp-content\/uploads\/2023\/09\/057acd7b82d2af92ca2ff33aa97a6d40.pdf\">rdp nrj m\u00e9ca.pdf<\/a><\/p>\n\n\n\n<p><a href=\"http:\/\/premierespe.flashphys.fr\/wp-content\/uploads\/2023\/09\/4a983c62dbc1d0b1230125b8117820dd.pdf\">corrig\u00e9 rdp nrj m\u00e9ca.pdf<\/a><\/p>\n","protected":false},"excerpt":{"rendered":"<p>Cours&nbsp; cours \u00e9nergie m\u00e9ca.pdf Exercices exo nrj meca.pdf correction exo nrj meca2023.docx TP Python : conservation ou non de l&#8217;\u00e9nergie m\u00e9canique TP nrj meca balle 2021.docx Golf_verticale.rar Polystyrene_verticale.rar R\u00e9solution de probl\u00e8me rdp nrj m\u00e9ca.pdf corrig\u00e9 rdp nrj m\u00e9ca.pdf<\/p>\n","protected":false},"author":1,"featured_media":0,"parent":0,"menu_order":0,"comment_status":"closed","ping_status":"closed","template":"","meta":{"footnotes":""},"_links":{"self":[{"href":"https:\/\/premierespe.flashphys.fr\/index.php?rest_route=\/wp\/v2\/pages\/205"}],"collection":[{"href":"https:\/\/premierespe.flashphys.fr\/index.php?rest_route=\/wp\/v2\/pages"}],"about":[{"href":"https:\/\/premierespe.flashphys.fr\/index.php?rest_route=\/wp\/v2\/types\/page"}],"author":[{"embeddable":true,"href":"https:\/\/premierespe.flashphys.fr\/index.php?rest_route=\/wp\/v2\/users\/1"}],"replies":[{"embeddable":true,"href":"https:\/\/premierespe.flashphys.fr\/index.php?rest_route=%2Fwp%2Fv2%2Fcomments&post=205"}],"version-history":[{"count":3,"href":"https:\/\/premierespe.flashphys.fr\/index.php?rest_route=\/wp\/v2\/pages\/205\/revisions"}],"predecessor-version":[{"id":477,"href":"https:\/\/premierespe.flashphys.fr\/index.php?rest_route=\/wp\/v2\/pages\/205\/revisions\/477"}],"wp:attachment":[{"href":"https:\/\/premierespe.flashphys.fr\/index.php?rest_route=%2Fwp%2Fv2%2Fmedia&parent=205"}],"curies":[{"name":"wp","href":"https:\/\/api.w.org\/{rel}","templated":true}]}}