{"id":203,"date":"2023-09-04T10:55:35","date_gmt":"2023-09-04T08:55:35","guid":{"rendered":"https:\/\/premierespe.flashphys.fr\/?page_id=203"},"modified":"2025-05-08T10:46:23","modified_gmt":"2025-05-08T08:46:23","slug":"page-631d8cc8e6018-html","status":"publish","type":"page","link":"https:\/\/premierespe.flashphys.fr\/?page_id=203","title":{"rendered":"Chap 18  : les combustions"},"content":{"rendered":"\n<h1 class=\"wp-block-heading\"><iframe src=\"\/\/www.youtube.com\/embed\/xtEBrdwWW8g?wmode=transparent\"><\/iframe><\/h1>\n\n\n\n<h2 class=\"wp-block-heading\">Cours<\/h2>\n\n\n\n<p><a href=\"http:\/\/premierespe.flashphys.fr\/wp-content\/uploads\/2023\/09\/7d24c6b8aabaede65a3ff402864136d8.pdf\">cours combustions.pdf<\/a><\/p>\n\n\n\n<div class=\"wp-block-file\"><a id=\"wp-block-file--media-108d32ee-9062-4ed8-a44a-c8a9356fcc99\" href=\"https:\/\/premierespe.flashphys.fr\/wp-content\/uploads\/2025\/05\/cours-corrige-combustions-new.docx\">cours-corrige-combustions-new<\/a><\/div>\n\n\n\n<h2 class=\"wp-block-heading\">Exercices<\/h2>\n\n\n\n<p><a href=\"http:\/\/premierespe.flashphys.fr\/wp-content\/uploads\/2023\/09\/389258425a8efceea6ae7956eec625c1.docx\">Exercices combustions \u00e9leves2022.docx<\/a><\/p>\n\n\n\n<p><a href=\"http:\/\/premierespe.flashphys.fr\/wp-content\/uploads\/2023\/09\/fa13b51edfb1cdc723ca3bb9ebd5591d.docx\">correction combustion exo.docx<\/a><\/p>\n\n\n\n<h2 class=\"wp-block-heading\">TP : pouvoir calorifique de l&#8217;\u00e9thanol<\/h2>\n\n\n\n<p><a href=\"http:\/\/premierespe.flashphys.fr\/wp-content\/uploads\/2023\/09\/79a1a8a029f4c212bae707a862673554.pdf\">TP combustion ethanol.pdf<\/a><\/p>\n\n\n\n<div class=\"wp-block-file\"><a id=\"wp-block-file--media-594d70b2-0a9d-4701-a50e-e7ff65857311\" href=\"https:\/\/premierespe.flashphys.fr\/wp-content\/uploads\/2025\/05\/TP-correction-combustion-ethanol.docx\">TP-correction-combustion-ethanol<\/a><\/div>\n\n\n\n<h2 class=\"wp-block-heading\">R\u00e9solution de probl\u00e8me<\/h2>\n\n\n\n<p><a href=\"http:\/\/premierespe.flashphys.fr\/wp-content\/uploads\/2023\/09\/2239cd7b14f1e9fc752f43c08fec65a0.pdf\">rdp combustion.pdf<\/a><\/p>\n","protected":false},"excerpt":{"rendered":"<p>Cours cours combustions.pdf Exercices Exercices combustions \u00e9leves2022.docx correction combustion exo.docx TP : pouvoir calorifique de l&#8217;\u00e9thanol TP combustion ethanol.pdf R\u00e9solution de probl\u00e8me rdp combustion.pdf<\/p>\n","protected":false},"author":1,"featured_media":0,"parent":0,"menu_order":0,"comment_status":"closed","ping_status":"closed","template":"","meta":{"footnotes":""},"_links":{"self":[{"href":"https:\/\/premierespe.flashphys.fr\/index.php?rest_route=\/wp\/v2\/pages\/203"}],"collection":[{"href":"https:\/\/premierespe.flashphys.fr\/index.php?rest_route=\/wp\/v2\/pages"}],"about":[{"href":"https:\/\/premierespe.flashphys.fr\/index.php?rest_route=\/wp\/v2\/types\/page"}],"author":[{"embeddable":true,"href":"https:\/\/premierespe.flashphys.fr\/index.php?rest_route=\/wp\/v2\/users\/1"}],"replies":[{"embeddable":true,"href":"https:\/\/premierespe.flashphys.fr\/index.php?rest_route=%2Fwp%2Fv2%2Fcomments&post=203"}],"version-history":[{"count":6,"href":"https:\/\/premierespe.flashphys.fr\/index.php?rest_route=\/wp\/v2\/pages\/203\/revisions"}],"predecessor-version":[{"id":509,"href":"https:\/\/premierespe.flashphys.fr\/index.php?rest_route=\/wp\/v2\/pages\/203\/revisions\/509"}],"wp:attachment":[{"href":"https:\/\/premierespe.flashphys.fr\/index.php?rest_route=%2Fwp%2Fv2%2Fmedia&parent=203"}],"curies":[{"name":"wp","href":"https:\/\/api.w.org\/{rel}","templated":true}]}}